rue
Suppose -5*x + 13 = p, 4*x + 5 = 5*p - x. Suppose -2*a = -p*a - 5*o + 1693, 5*o = -2*a + 3386. Is a composite?
False
Suppose o = -w - 9, w + w = 4*o + 6. Is -93*o/36*3 a composite number?
False
Let u(r) = -7*r**3 - 4*r**2 - 3*r + 1. Let j be u(-3). Let v = -179 - -101. Let p = j + v. Is p a composite number?
True
Let k(g) = 98*g**2 + g - 29. Is k(-6) a composite number?
True
Suppose 0 = 14*q - 33*q + 83885. Is q a composite number?
True
Suppose 0 = -12*o + 22530 + 75762. Is o composite?
False
Suppose 5*i + 9465 = -2*j, 5*j - 5*i + 2*i + 23585 = 0. Is 2/(-6) - (2 - j/(-12)) a composite number?
True
Let d = 1049 + -562. Is d a prime number?
True
Let a(u) = -3381*u + 52. Is a(-2) a prime number?
False
Let i be (126/(-35))/(3/10). Let h(x) = x + 9. Let r be h(i). Let b(k) = -k**3 + 2*k**2 + 3*k - 2. Is b(r) composite?
True
Suppose -4*s + 2*g = -696, 5*s - 5*g = -g + 867. Suppose -s = 4*y - 4987. Is y a composite number?
True
Let k(c) = -3*c. Let h be k(-4). Let m be (7/4)/((-3)/h). Is 3 + (-1 + m)*-58 a prime number?
True
Suppose 21*l = -13756 + 2474683. Is l prime?
False
Let h = 130306 - 87485. Is h composite?
False
Let n = -5 + -10. Let u = -15 - n. Suppose u = -4*c + 59 + 1. Is c prime?
False
Let g(n) = 11*n + 4. Suppose -4*c - 2*r = -3*r - 56, c - 23 = -2*r. Is g(c) a composite number?
True
Suppose 5*y = -3*v + 32, v + y + y - 12 = 0. Suppose 2*c - 524 = v*h + 10, c + 5*h - 260 = 0. Is c prime?
False
Let g(s) = -s**3 - 11*s**2 - 11*s + 13. Let r be g(-10). Let c = r - 14. Is 159*(-1 + 15/c) prime?
False
Is ((2/(-2))/(-1))/((-20)/(-161860)) a composite number?
False
Let m(u) = -17*u**3 - 7*u - 5. Let i = 76 - 81. Is m(i) a composite number?
True
Let y(j) = -4*j**2 - 2*j + 8. Let k be y(0). Let u(x) be the first derivative of x**4/4 - 7*x**3/3 - 5*x**2/2 + x - 1. Is u(k) prime?
False
Let u(a) be the third derivative of 2*a**5/15 + 7*a**4/6 + 5*a**3/2 + 9*a**2. Is u(-19) composite?
False
Let p be ((-109)/2 - -1)*-2. Let j = 935 - 932. Suppose -j = -m + 2*f + 2*f, 3*f = -5*m + p. Is m prime?
True
Let y(p) = p**2 + 3*p + 1. Let d(n) = -n**2 - 3*n. Suppose 4*b = -5*m + 55, 2*b + 25 = 2*m + 3*m. Let z(r) = m*y(r) + 6*d(r). Is z(9) composite?
True
Let o(z) be the first derivative of 37*z**7/840 + z**6/360 - z**5/120 + z**3/3 - 2. Let m(r) be the third derivative of o(r). Is m(1) a composite number?
False
Suppose -180 = -8*g - 68. Is -4*1/g - (-65127)/21 prime?
False
Let j(x) = -114*x + 145. Let i be j(-13). Suppose -z + 4*k + 3252 = 0, k = -4*z + 3*z + 3267. Let h = z - i. Is h a prime number?
True
Suppose 0 = 4*i - 15341 + 969. Is i a prime number?
True
Suppose 0*m - 3*m + 18 = 0. Suppose 0 = -m*a + 2*a + 72. Suppose -2*g = a - 80. Is g a composite number?
False
Let k(y) = 362*y**2 + 10*y - 49. Is k(3) prime?
False
Suppose d - 5 = 2*d. Let r(y) = -y + 1. Let b be r(d). Suppose -2*i = -2 - b. Is i a composite number?
True
Is (6 - 207/36)/((-2)/(-3832)) composite?
False
Suppose 102 = 2*s + 4. Let w = 40 + s. Is w a prime number?
True
Let v = 2845 - 789. Suppose 2 = -2*g + 6, -5*t = 3*g - v. Suppose 0*k = 2*k - t. Is k a prime number?
False
Suppose 0 = -7*a - 0*a + 497. Suppose -4*z - 5*m + a = 0, 0 = z + 3*z - 2*m - 78. Is z prime?
True
Let y = 3 - -4. Suppose w = n + y, 0*w + w + 8 = -2*n. Let f = w - -111. Is f a prime number?
True
Let o(y) = 6*y - 79. Let k be ((-2)/3)/(11/(-528)). Is o(k) a prime number?
True
Suppose 4*s + y = -0*y - 176, 3*y + 78 = -2*s. Let h = -73 - -82. Is (-10)/s - (-5011)/h composite?
False
Let d = -36 + 26. Let i be d/(-35) + (-8425)/(-35). Let u = i - -580. Is u a composite number?
False
Let p(x) = 5*x**2 - 27*x + 23. Let a be 33/(-2)*(-10)/15. Is p(a) prime?
True
Let c = -12002 + 21159. Is c a composite number?
False
Let p = 787 + 446. Suppose 2*x = 4*g + 6*x - 1012, 3*x + p = 5*g. Is g a composite number?
True
Let d be (24/18)/((-4)/(-6)). Let m be (-2 - -258) + d + -4. Is (5/10)/(1/m) composite?
False
Let t(u) be the first derivative of 6*u**3 + 5*u**2/2 - 10*u + 27. Is t(4) composite?
True
Let p(b) = 12*b - 112. Let j be p(20). Suppose 3*v - 3 - 3 = 0. Suppose 0 = v*l - 1350 + j. Is l a prime number?
False
Let u(j) = -17*j**3 - 2*j**2 - j + 4. Suppose -8*z - 16 = -4*z. Let o be u(z). Suppose 6*i - 82 = o. Is i a prime number?
True
Let b(l) = -111*l + 1. Let k(d) = d**2 + 17*d + 28. Let t be k(-15). Is b(t) a composite number?
False
Let o(k) = -44*k - 19. Let n(i) = i**3 - 7*i**2 + 8*i - 7. Let t be n(6). Suppose 5*l - 13 = 2*y - 0, t*y + 85 = 2*l. Is o(y) composite?
True
Suppose -n - 21233 - 8327 = -2*p, 0 = -3*p + 5*n + 44347. Is p composite?
False
Is (5/10)/(5/5410) prime?
True
Let i(z) = z**3 - 3*z**2 + 6*z - 4. Let n be i(8). Let k = n - 140. Suppose 411 = 5*l - k. Is l composite?
False
Let i = -1 + 4. Suppose 4*l = -2*o + 3*l + 4, 4*l - 16 = 5*o. Suppose o = -i*j + 413 + 346. Is j a prime number?
False
Let u = -119 + -68. Let y = -394 - u. Let o = y + 440. Is o a prime number?
True
Let p(q) = -4185*q**3 - q**2 - q. Let m be p(-1). Let l = -2530 + m. Is l a prime number?
False
Let h(u) = -u**2 + 6*u - 6. Let i be h(5). Let z be i/3 + (-41812)/(-12). Let v = -2231 + z. Is v composite?
True
Let u = 48372 - 19481. Is u a prime number?
False
Let w be ((-136)/(-16) + 4)*(-4)/(-10). Suppose 3*l = 5*m + l - 6402, -l = -4*m + 5124. Suppose 1575 = w*o - 5*b, -b + 287 = 5*o - m. Is o prime?
False
Let j = 9 - 6. Let f(n) = 0*n**2 + 8 + n + 0 + 3*n**2 + 14*n**3 - j. Is f(4) composite?
False
Let b(d) = 3*d**3 - 7*d**2 + 6*d + 1. Let j be b(6). Suppose -1364 = -4*c + 5*g + j, -g - 903 = -2*c. Let z = c + -218. Is z prime?
False
Suppose -4*p - 2 = j, -j + 0 + 6 = -4*p. Suppose 5*m + j*l = 5593, -3*m + m - 3*l = -2235. Is m prime?
False
Is (-28)/70*(-109775)/10 a prime number?
True
Let w be ((-288)/(-54))/(2/3). Suppose -w + 43 = f. Suppose 74 = 3*i + 5*t, -54 = -3*i - 2*t + f. Is i a composite number?
True
Suppose -2*a + 2 = 2*o + 10, -3*a - 5*o = 12. Let y(r) = 71*r**2 + 6*r + 3. Is y(a) a prime number?
False
Suppose 2*k - o - 21 = -3*k, 4*k - 2*o = 18. Let a(y) = y**2 - 5. Let u be a(k). Is 405/u - 6/(-33) composite?
False
Let s(a) = -2156*a + 91. Is s(-18) prime?
False
Suppose -4*h - 2*l = -16080 - 4892, -h + 3*l + 5229 = 0. Is h a prime number?
False
Let p(i) be the second derivative of -7*i**6/720 + i**5/60 - i**4/6 - 5*i. Let s(q) be the third derivative of p(q). Is s(-7) a prime number?
False
Let q = 8259 + 8500. Is q composite?
False
Let h = 66 - -147. Let a = h - -268. Is a a prime number?
False
Let m(i) = -191*i + 85*i + 91*i - 4. Is m(-13) prime?
True
Let t(k) be the second derivative of 5*k**4/3 - 8*k**3/3 - 9*k**2/2 + 7*k. Is t(13) a composite number?
False
Let f = -2 - -7. Suppose 4*u - 155 = -5*t, -f*t + 3*u + 190 = -0*t. Is t a composite number?
True
Suppose 4*l - 4605 = l. Suppose 5*r + 170 = l. Suppose 3*i = r + 336. Is i prime?
False
Suppose -5*s + 23713 = -17792. Is s prime?
False
Let a = -8198 - -12134. Suppose 5*g + 437 = b - 536, 0 = 4*b + 2*g - a. Is b prime?
True
Suppose 20 = 5*r, -2*i + 3292 + 37914 = 5*r. Is i a composite number?
False
Suppose -18090 = -3*u - 3*t, -3*u + 14*t - 11*t = -18084. Is u a prime number?
True
Let h(i) = 2*i**3 - 8*i**2 + 32*i + 113. Is h(16) a composite number?
True
Suppose -2*j = -3*q - 398, 3*q - 2 = 5*j - 394. Let s = 233 + q. Suppose 413 - s = 2*f. Is f a composite number?
False
Let t = 14151 + -9422. Is t a composite number?
False
Let x(g) = 1203*g**2 + 2*g - 5. Let o be x(2). Suppose -o = -5*l + 464. Is l composite?
True
Suppose l = -248 - 161. Let m = l + 630. Is m a composite number?
True
Suppose -2*a + 9 = 3. Suppose -a*g - g = 0. Suppose g = x - 5*x + 1012. Is x a composite number?
True
Let a = 1025 + -1106. Let v be 3*(68/(-3))/(-2). Let q = v - a. Is q composite?
True
Let r = 7127 - 4765. Is r a composite number?
True
Is 37/(-111) + (-6448)/(-3) prime?
False
Let x(n) = n**3 + n**2 - n + 1. Let z(j) = -2*j**3 + 23*j**2 + 21*j - 28. Let v(y) = x(y) + z(y). Is v(20) prime?
True
Let h = 14483 - 9136. Is h a composite number?
False
Let v be 1*5*(5 - -4)/(-3). Is (-2)/10 + (-3198)/v prime?
False
Let w be 2/(-13) - (-1624)/(-91). Let n = w + 20. Suppose -y - 219 = -3*b, 2*b - n*y - 74 = 68. Is b composite?
True
Suppose 3 - 6 = d. Let u be -2*(d + 7102/(-4)). Suppos